{"id":3534,"date":"2019-09-20T11:30:37","date_gmt":"2019-09-20T09:30:37","guid":{"rendered":"http:\/\/www.sp21sacz.edu.pl\/?page_id=3534"},"modified":"2019-09-20T11:34:23","modified_gmt":"2019-09-20T09:34:23","slug":"w-naszej-szkole","status":"publish","type":"page","link":"http:\/\/www.sp21sacz.edu.pl\/index.php\/w-naszej-szkole\/","title":{"rendered":"W naszej szkole"},"content":{"rendered":"<ul>\n<li>Mamy wyj\u0105tkowe szcz\u0119\u015bcie, bo czujemy pomocn\u0105 d\u0142o\u0144 naszego Patrona \u015bw. Jana Paw\u0142a II i to Jego drogowskazy szlifuj\u0105 nasze charaktery.<\/li>\n<\/ul>\n<ul>\n<li>Uczymy si\u0119 kocha\u0107 Polsk\u0119 podczas wycieczek szkolnych, wyjazd\u00f3w na zielona szko\u0142\u0119 i g\u00f3rskich w\u0119dr\u00f3wek, poznaj\u0105c niezwyk\u0142e zak\u0105tki naszej Ojczyzny.<\/li>\n<\/ul>\n<ul>\n<li>Piel\u0119gnujemy pami\u0119\u0107 historyczn\u0105 i doceniamy kszta\u0142towanie w nas poczucia to\u017csamo\u015bci narodowej poprzez wspominanie Niez\u0142omnych Bohater\u00f3w.<\/li>\n<li>W trosce o tradycj\u0119 nie zaprzepaszczamy okazji, aby w czasie przed\u015bwi\u0105tecznym pami\u0119ta\u0107 o zwyczajach odziedziczonych po minionych pokoleniach.<\/li>\n<\/ul>\n<ul>\n<li>Od wyj\u0105tkowych dzieci, kt\u00f3re s\u0105 w\u015br\u00f3d nas i, kt\u00f3re oczekuj\u0105 naszej serdeczno\u015bci uczymy si\u0119 odpowiedzialnego, dojrza\u0142ego i indywidualnego patrzenia na drugiego cz\u0142owieka.<\/li>\n<li>Uwielbiamy teatr i muzyk\u0119 wystawiamy wi\u0119c spektakle i wzruszamy si\u0119 ogl\u0105daj\u0105c sztuki teatralne na deskach krakowskich i tarnowskich teatr\u00f3w.<\/li>\n<li>Zawsze na podium, bo jeste\u015bmy zwinni i waleczni.<\/li>\n<li>Zwyci\u0119\u017camy w konkursach, kolekcjonowanie dyplom\u00f3w to nasza specjalno\u015b\u0107.<\/li>\n<li>Kierujemy si\u0119 wyobra\u017ani\u0105 serca organizuj\u0105c kiermasze charytatywne, wspieramy b\u0119d\u0105cych w potrzebie, kt\u00f3rzy s\u0105 w\u015br\u00f3d nas a tak\u017ce w odleg\u0142ych miejscach na \u015bwiecie.<\/li>\n<\/ul>\n<p>&nbsp;<\/p>\n","protected":false},"excerpt":{"rendered":"<p>Mamy wyj\u0105tkowe szcz\u0119\u015bcie, bo czujemy pomocn\u0105 d\u0142o\u0144 naszego Patrona \u015bw. Jana Paw\u0142a II i to Jego drogowskazy szlifuj\u0105 nasze charaktery. Uczymy si\u0119 kocha\u0107 Polsk\u0119 podczas wycieczek szkolnych, wyjazd\u00f3w na zielona szko\u0142\u0119 i g\u00f3rskich w\u0119dr\u00f3wek, poznaj\u0105c niezwyk\u0142e zak\u0105tki naszej Ojczyzny. Piel\u0119gnujemy pami\u0119\u0107 historyczn\u0105 i doceniamy kszta\u0142towanie w nas poczucia to\u017csamo\u015bci narodowej poprzez wspominanie Niez\u0142omnych Bohater\u00f3w. W trosce o tradycj\u0119 nie zaprzepaszczamy<\/p>\n","protected":false},"author":1,"featured_media":0,"parent":0,"menu_order":0,"comment_status":"closed","ping_status":"closed","template":"","meta":{"jetpack_post_was_ever_published":false,"footnotes":""},"class_list":["post-3534","page","type-page","status-publish","hentry"],"jetpack_sharing_enabled":true,"_links":{"self":[{"href":"http:\/\/www.sp21sacz.edu.pl\/index.php\/wp-json\/wp\/v2\/pages\/3534","targetHints":{"allow":["GET"]}}],"collection":[{"href":"http:\/\/www.sp21sacz.edu.pl\/index.php\/wp-json\/wp\/v2\/pages"}],"about":[{"href":"http:\/\/www.sp21sacz.edu.pl\/index.php\/wp-json\/wp\/v2\/types\/page"}],"author":[{"embeddable":true,"href":"http:\/\/www.sp21sacz.edu.pl\/index.php\/wp-json\/wp\/v2\/users\/1"}],"replies":[{"embeddable":true,"href":"http:\/\/www.sp21sacz.edu.pl\/index.php\/wp-json\/wp\/v2\/comments?post=3534"}],"version-history":[{"count":2,"href":"http:\/\/www.sp21sacz.edu.pl\/index.php\/wp-json\/wp\/v2\/pages\/3534\/revisions"}],"predecessor-version":[{"id":3538,"href":"http:\/\/www.sp21sacz.edu.pl\/index.php\/wp-json\/wp\/v2\/pages\/3534\/revisions\/3538"}],"wp:attachment":[{"href":"http:\/\/www.sp21sacz.edu.pl\/index.php\/wp-json\/wp\/v2\/media?parent=3534"}],"curies":[{"name":"wp","href":"https:\/\/api.w.org\/{rel}","templated":true}]}}